e 3 = -3*w + 18. Let g(d) = 7*d**2 - d + 8. Let v(l) = 6*l**2 + 7. Let i(m) = w*g(m) - 6*v(m). Let z be i(-2). Let c(y) = -y**3 + 3*y**2 + 3*y. Give c(z).
-4
Suppose -k + 2*u = -3, 0 = 3*k - 5*u + u - 7. Let i(m) = m**2 - m**2 + k + m + m**2. Determine i(-2).
3
Let s(u) be the first derivative of u**4/4 - 2*u**3 - u - 6. What is s(6)?
-1
Let t = 17 - 1. Let o be t/(-12)*3/(-2). Let i(j) = 2*j**o - j**2 + 3 + j - 7. Give i(3).
8
Let o(i) be the first derivative of 5*i**4/24 - 3*i**2/2 - 3. Let j(x) be the second derivative of o(x). Calculate j(2).
10
Let b(r) = -r**3 + 7*r**2 - r + 9. Let j be b(7). Let k(g) = 0*g**3 + 3 + 2*g**2 - 2*g + g**3 - 4*g**j. What is k(2)?
-1
Let k(g) = 12*g + 6. Suppose b + 4*p = -3, -12 = -0*b + 4*b + p. Let d(o) = 4*o + 2. Let y(v) = b*k(v) + 8*d(v). Let l = 5 + -7. Determine y(l).
6
Let v(w) = -w**3 - w**2 + w - 3. Let n be v(0). Let x(g) = 5*g**2 - 7*g - 6. Let h(m) = -3*m**2 + 5*m + 4. Let z(q) = 8*h(q) + 5*x(q). What is z(n)?
-4
Let l(x) be the third derivative of -x**5/60 - x**4/8 - x**3/2 - 2*x**2. Let n = 2 + 0. Suppose t - n = -4. What is l(t)?
-1
Let t(q) = 2*q**3 - 7*q**2 - 13*q + 11. Let b(n) = -n**3 + 4*n**2 + 7*n - 6. Let c(r) = 5*b(r) + 3*t(r). Let x = 6 + -4. Let l = x + 0. Determine c(l).
-1
Let d be 4 - 3 - (-17 - 0). Let t = 22 - d. Let q(o) = o**2 - 4*o + 4. Calculate q(t).
4
Let v(w) = w - 5. Let g(x) = x**2 - 8*x + 1. Let n be g(7). Let f = n - -11. What is v(f)?
0
Let k(j) = j + 10. Suppose q + 2*l = 7*l - 16, -3*q - 16 = l. What is k(q)?
4
Let w(h) = -2*h**2 + 0*h**2 - 1 + 3*h**2 + 0*h**2. What is w(0)?
-1
Suppose 3*f = -f + 4. Suppose -2 - f = 3*c. Let o(h) be the first derivative of -3*h**3 - h + 4. Determine o(c).
-10
Let v(s) = 24*s + 1. Suppose 0 = m + 2*c - 5, 4*c = m + 2*c + 7. What is v(m)?
-23
Let l(f) = -f + 6. Let o be l(3). Let c(g) = -o*g + 6*g + 2 - 4 - 4*g. Give c(-6).
4
Let g(l) = 0 + 1 + 3*l**2 - 4*l**2. Suppose -2*u + 4*t = 2*t - 4, 3*u = t + 10. Suppose -u*a - 5 = -1. What is g(a)?
0
Let k(h) = 4*h**2 - 2*h**2 - 6*h**2 - 5*h**2 + 3 + 11*h - h**3. What is k(-10)?
-7
Let u = 1 - -1. Suppose -4 = -3*b + 5. Let f(w) = -2*w**2 - w + b*w**u - 2 + 0*w**2. Determine f(3).
4
Let w = 13 - 10. Let r(u) = -u**2 + 3*u - 2. Determine r(w).
-2
Let v(s) = 2*s - 6. Let w(f) = -5*f + 18. Let n(j) = -8*v(j) - 3*w(j). Suppose -4*d + 7*d = 5*u - 15, u - 3*d - 15 = 0. Calculate n(u).
-6
Let z = -18 - -31. Suppose x - 5 = -t, 2*t + 2*x - z = -x. Let i(l) be the second derivative of l**3/2 - l**2/2 - 3*l. Calculate i(t).
5
Let g(i) = -i**3 - 3*i**2 + 3*i + 3. Let d(v) = -3*v**3 - 7*v**2 + 9*v + 8. Let n(b) = 4*d(b) - 11*g(b). Give n(5).
14
Let m(i) be the third derivative of i**8/6720 + i**7/630 - i**6/144 - i**5/24 - i**4/3 - 7*i**2. Let f(t) be the second derivative of m(t). What is f(-5)?
-5
Let x(a) = -2*a. Let g(i) = -i. Let w(c) = 3*g(c) - x(c). Suppose h + 7 = -4*s, 2*s = -h - 1 - 0. Give w(s).
3
Let d = 1 + -7. Let r be (-9)/(2*d/8). Suppose 4*v + 14 = r. Let y(j) = j**3 + 3*j**2 + j + 2. Determine y(v).
4
Let i(h) be the first derivative of h**5/60 - h**4/12 - 2*h**3/3 - 2*h**2 + 2. Let u(g) be the second derivative of i(g). Determine u(3).
-1
Let z be 0 - 0/(2 - 3). Suppose -2*o + 7*o = z. Let g(f) = -f**3 - f - 4. What is g(o)?
-4
Let c(l) = 7*l + 4. Let o(f) = -15*f - 8. Let g(d) = 5*c(d) + 2*o(d). Calculate g(-3).
-11
Let d(n) = n. Let l = 6 - 9. Calculate d(l).
-3
Suppose 3*o = -4*a - 30, -2*o + 1 = a + 3*o. Let r(s) = 2*s + 11. Determine r(a).
-7
Let q(n) = 3 + 5*n - 4 + 2 - 3*n. Let z(r) = r**2 + 11*r + 16 + 2 - 6. Let y be z(-10). What is q(y)?
5
Let h = 14 - 20. Let v(l) = 6*l**2 + l - 8. Let t(b) = -b**3 + b - 1. Let x(f) = t(f) - v(f). Determine x(h).
7
Let s(f) = -5 - 3 + 3*f - 3 + 8. Let h(l) = 2*l**3 + l**2 - l. Let y be h(1). Determine s(y).
3
Let n(d) = 2*d - 2 - 3*d + 2*d. Suppose -c - 1 = -2. Give n(c).
-1
Let m(d) = -9 - 29*d - 4 + 30*d. What is m(0)?
-13
Let t(y) be the first derivative of -y**4/12 + y**3/6 - y**2 - 4*y + 5. Let d(o) be the first derivative of t(o). Give d(3).
-8
Let w = -49 + 46. Let o(h) = h**2 + 4. What is o(w)?
13
Let g(x) be the first derivative of -6*x + 1 - 1/3*x**3 - 5/2*x**2. Let p be g(-4). Let y(z) = -z**3 - 3*z**2 - 3*z - 2. Determine y(p).
0
Let q(x) = 3*x - 7 - 7*x - x**2 - 4*x. Let o(z) = z + 7. Let r be o(-13). Let b be q(r). Let u(g) = g**2 - 4*g - 5. Give u(b).
0
Let a(i) = 3*i - 6. Suppose 55 = 8*n + 7. Determine a(n).
12
Let f(i) be the first derivative of i**4/24 + i**3/3 + i**2 - 2. Let c(k) be the second derivative of f(k). Let l = -5 - -9. Give c(l).
6
Let g(o) = -o**3 - o**2 - 1. Let m(r) = 2*r**3 + 3*r**2 - r + 9. Let v(u) = -3*g(u) - m(u). Let s = 1 - 1. What is v(s)?
-6
Let o(v) = v**2 - 7*v + 1. Let z be o(4). Let b = -6 - z. Let g(u) = -u**2 + 7*u + 1. Give g(b).
11
Let v be (2/(-1))/(12/(-18)). Let l(p) = p**2 + 2 + p**v - 2*p**3 - 1 + 3*p. Let w(c) = -c - 7. Let x be w(-5). Calculate l(x).
7
Let x(d) = -d**3 + d**2 + d - 1. Let h be -2 + -1 + 4 + -1. Determine x(h).
-1
Let d(z) = -2*z + 19. Let g(i) = -i + 9. Let r(p) = -6*d(p) + 13*g(p). What is r(-5)?
8
Let w(o) = 5*o**2 + 2*o + 1. Let h be (3 - 3) + -1 + -1. Calculate w(h).
17
Let f(j) be the first derivative of -j**4/12 - j**3/6 - j**2/2 - 5*j + 1. Let g(m) be the first derivative of f(m). What is g(-3)?
-7
Let a(k) = -k. Let i(x) = 3*x - 5. Let p(w) = w - 1. Let q(c) = i(c) - 5*p(c). Let z(y) = 5*a(y) - 3*q(y). Determine z(3).
3
Suppose i - 4 = o, 5*i - 15 = 2*i. Let q(v) = 3*v + v**3 - 2*v + o + 1 - 4*v**2 + 0*v**3. What is q(3)?
-4
Suppose 18 = -3*y + 6*y. Suppose 18 = -w + y*w + 2*d, 0 = 2*w - 3*d - 11. Let c(u) = 27 + u - 24 + 0*u. Determine c(w).
7
Let k(q) be the first derivative of -q**4/4 + 4*q**3/3 + 7*q**2/2 - 5*q - 3. Give k(4).
23
Let m(y) = y - 1. Let o(q) = -q**2 - 11*q - 12. Let n be o(-9). Calculate m(n).
5
Let a be (2/(-6))/(2/(-6)). Let q(j) = 1. Let f(s) be the first derivative of -2*s**2 - 5*s + 1. Let v(g) = f(g) + 6*q(g). What is v(a)?
-3
Let i(c) be the third derivative of c**7/5040 - c**6/240 + c**5/15 - 4*c**2. Let a(j) be the third derivative of i(j). Calculate a(4).
1
Let k be ((-10)/(-15) + 1)/((-12)/(-3)). Let y(o) be the second derivative of -3*o + 0 - 1/20*o**5 + 7/6*o**3 + k*o**4 - 9/2*o**2. Calculate y(6).
-3
Let g(q) = -q**3 + q**2 - 16. Suppose 4*x = -5*n + 4, -x - 4 = 4*n - 5*x. What is g(n)?
-16
Suppose 9 = 2*x - 1. Let i(s) = 6*s - 3. Let p(o) = o + 1. Let g(v) = x*p(v) - i(v). Give g(4).
4
Let p(j) = j**2 - 10*j + 6. Suppose 6*d + 9 - 69 = 0. Calculate p(d).
6
Let o(d) = -d - 10. Let t be o(-11). Let n(j) = -2 + j + 0*j - t + 8. Determine n(5).
10
Let v(h) = -h**2 - h - 1. Let y(f) = -4*f**2 - 9*f - 5. Let j(z) = 3*v(z) - y(z). Let n(l) = -l**3 - 5*l**2 - 4*l - 5. Let o be n(-4). What is j(o)?
-3
Suppose -2*p = -5*p + 2*y + 18, 3*y - 7 = -4*p. Let r(j) = -j**2 + 5*j - 2. Calculate r(p).
2
Let j(t) = t**3 + 6*t**2 + 4*t - 5. Let d(b) be the second derivative of -b**5/20 + b**4/6 + b**3/6 - 2*b. Let k be d(2). Suppose k*a + 10 = -0*a. Give j(a).
0
Let j(s) = -5*s**2 - 2*s + 5. Let i(p) = 6*p**2 + 2*p - 6. Let f(v) = 6*i(v) + 7*j(v). Give f(2).
-1
Let l(x) = -3*x**2 + 2*x + 1. Let g be (-10)/45 + 7/(-9). What is l(g)?
-4
Let i(l) = 7*l + 8. Let c(s) = 13*s + 15. Let w(o) = -6*c(o) + 11*i(o). Suppose -2 + 0 = -2*f. Suppose v + 5 = f. Calculate w(v).
2
Let p = 2 - 4. Let n(g) = 3*g**2 + g**3 + 8*g - 2*g - 4*g + 2. Determine n(p).
2
Let d(j) = j + 4 - 1 - 2. Let i = 11 + -15. Let t = i - -4. Calculate d(t).
1
Let v = 18 + -19. Let w(k) = -8*k**3 - k**2 - 2*k - 1. Calculate w(v).
8
Let v(p) = -5*p**2 - 4*p + 3. Let r(l) = l**2 + l. Let t(m) = -4*r(m) - v(m). Let w(z) = -z**2 - 3*z. Let n be w(-5). Let o = -7 - n. Give t(o).
6
Let r(p) be the second derivative of p**3/6 - p**2/2 - 10*p. Calculate r(-3).
-4
Let k(o) = 2*o**3 - 4*o**3 - 6*o**3. Give k(1).
-8
Let l(g) = -3*g + g**2 - 2*g**2 - 1 + 0*g + g**3. Suppose 3*q = -6*b + 8*b, q + 7 = 3*b. What is l(b)?
8
Suppose -2 = 4*w + 6. Let r be (-22)/6 + w/(-3). Let m(p) = -4*p - 2*p**2 + 1 + 2 - 4. Determine m(r).
-7
Let f(d) = -2*d + 3*d - 5*d + 0*d. Determine f(1).
-4
Let f(j) = -6 + 3 + j**2 + 0*j**2 + 2. Let w be f(2). Let i(k) = k - 2. Give i(w).
1
Let a(w) = -5*w - 3. Let t(p) =